38?
43
Let u = -37 - -61. Suppose -863*c - 824*c = -6902 - 8281. What is the remainder when u is divided by c?
6
Let v = 401 + -298. Let h(m) = m**3 + 5*m**2 + 8*m - 5. Let r be h(-4). Let w = r - -42. Calculate the remainder when v is divided by w.
19
Let d = 20309 - 19218. What is the remainder when d is divided by 164?
107
Let t(a) = -975*a - 6820. Let j(g) = 4*g - 10. Calculate the remainder when j(7) is divided by t(-7).
3
Suppose 85*z - 119 = 68*z. What is the remainder when 95 is divided by z?
4
Let k be ((-9)/12)/(30/(-40))*0. Let d = 17 - 12. Suppose 2*o + 5*c - 86 = -0*o, -d*o + 5*c + 145 = k. Calculate the remainder when 62 is divided by o.
29
Let l = 164 - 159. What is the remainder when 135/l - (-30)/6 is divided by 11?
10
Suppose -8*q + 9*q = 34. What is the remainder when q is divided by (-1)/(-6)*102 + -4?
8
Let g be 6 - (2 + 0/(-4)). Suppose 4*h + h + 18 = g*d, 29 = 5*d - 3*h. Suppose -184 = 3*y - d*y. Calculate the remainder when y is divided by 13.
7
What is the remainder when (-33)/(264/(-19136)) - -5 is divided by 62?
41
Let i = 26102 + -26015. What is the remainder when 1300 is divided by i?
82
Suppose 3*j - 3*x = 30, 0 = -j + 2*x + 2*x + 22. Let b(l) = -l**3 + 7*l**2 - 10*l + 27. Calculate the remainder when 22 is divided by b(j).
1
Suppose -14037 = -116*g - 5645 + 7152. Suppose -4*z = 5*c - 7*z - 169, -z + 72 = 2*c. What is the remainder when g is divided by c?
29
Suppose -24 = -9*j + 48. Suppose -3*z + p + 2*p + 36 = 0, -3*p = 4*z - 55. Calculate the remainder when z is divided by j.
5
Suppose -x + 667 - 106 = 0. Let o = 566 - x. Calculate the remainder when 3/((-6)/(-14))*1 is divided by o.
2
Suppose -2*r + 4*m - 5 + 23 = 0, 4*r - m - 64 = 0. What is the remainder when 41 is divided by r?
7
Let m = -1737 - -1808. Let w(a) = -a + 129. Let b be w(0). Let l = b - m. Calculate the remainder when 229 is divided by l.
55
Let l = 14184 - 14168. Calculate the remainder when 22382 is divided by l.
14
Let p = 13 + 30. Let i = 4240 + -3770. What is the remainder when i is divided by p?
40
Let i(n) = n**3 + 35*n**2 - n + 35. Let o(u) = 3*u**2 - 10*u. Let s be o(4). What is the remainder when i(-35) is divided by (-80)/s*6/(-10)?
4
Suppose 222*y = 96*y + 82656. What is the remainder when y is divided by 111?
101
Let f = -16449 - -16483. What is the remainder when 37 is divided by f?
3
Suppose -3*n + 1 + 17 = 0, 0 = -2*x - 2*n + 116. What is the remainder when 162 is divided by x?
6
Let w = -539 - -672. Suppose -2*v + w = 93. What is the remainder when 67 is divided by v?
7
Suppose -1431*n + 2390 = -1426*n. What is the remainder when n is divided by 16?
14
Suppose 0 = 40*m - 39*m. Suppose m = 4*d - 73 - 87. Calculate the remainder when 149 is divided by d.
29
What is the remainder when 517 is divided by ((-3)/((-9)/2 - -3))/(28/3416)?
29
Suppose 0 = a + 2, 4*n - 2*a + 0 = 12. Suppose -12 - 8 = -n*c. What is the remainder when 68 is divided by c?
8
Suppose -4*i - 2*h + 3796 = 0, -65*h = -5*i - 67*h + 4745. What is the remainder when i is divided by 380?
189
Let v(r) = 2*r - 25. Let h(q) be the second derivative of -q**5/20 - 9*q**2/2 - 3*q. Let n be h(-3). What is the remainder when 41 is divided by v(n)?
8
Let h(l) = -l**2 + 12*l + 5. Suppose -5*s = -98 - 92. What is the remainder when s is divided by h(12)?
3
Let u(m) = 75*m + 34. Suppose -l + 1 - 4 = o, 4*o + 16 = -2*l. Calculate the remainder when u(l) is divided by 60.
4
Suppose -12*u - 15 = -u - 235. What is the remainder when (-1*2)/(2/(-157)) is divided by u?
17
Suppose -316 = 7*p + 146. Suppose 0*y + 95 = y. Let t = y + p. What is the remainder when t is divided by 17?
12
Suppose 4*w - 209 = 4*s + 27, -2*w = 3*s - 133. Let q = w - 34. Suppose 27 = 2*t - 5. What is the remainder when q is divided by t?
12
Let i = -39 - -410. Suppose i = 6*j - 325. What is the remainder when j is divided by 21?
11
Let f(p) = -p**3 + 4*p**2 + 3*p + 1. Let u(w) = -2*w**2 - 2*w. Let d be 6/(-27) - (-33)/27. Let n be u(d). What is the remainder when f(n) is divided by 24?
21
Let v(y) = -88*y + 1241. What is the remainder when 364 is divided by v(14)?
4
Let s = -5960 + 6696. Calculate the remainder when s is divided by 714.
22
What is the remainder when 193 is divided by (-2)/9*-2 + 16376/414?
33
Calculate the remainder when ((-16)/12 - -2) + 173420/78 is divided by 549.
28
Suppose -4*p - 520 = -4*x, 5*x - 646 = -2*p + 3*p. Suppose -321 = -5*u + x. What is the remainder when u is divided by (10/4)/(13/7176*60)?
21
Let j = -15 + -1. Let v = j - -21. Suppose -g = -v*u + g + 232, u - 42 = -4*g. What is the remainder when u is divided by 24?
22
Suppose 2*s + 4*a - 2348 = 0, 3*s + 2*a - 1833 = 1689. Calculate the remainder when s is divided by 24.
22
Let v(k) = -27*k + 4. Let c be v(-7). Suppose -5*g + 92 = -c. What is the remainder when g is divided by 32?
25
Let o = -4290 + 4364. Calculate the remainder when o is divided by 43.
31
Let c(v) = 13*v - 248. Calculate the remainder when 184 is divided by c(24).
56
Suppose 4*s - 9 = 3. Let o(m) = -3*m**2 + 3*m**2 - m**2 + 7*m**2 - s*m + 3. Calculate the remainder when o(-6) is divided by 40.
37
Suppose 2*c = -0*c + 22. Let v(u) = -u + 67. Suppose 4*x + 4*w + 1 + 19 = 0, 3*w = -2*x - 7. Calculate the remainder when v(x) is divided by c.
9
Calculate the remainder when ((-3)/(-2))/(65/32630) is divided by 84.
81
Let q(y) = 5*y**2 - 41*y + 12. Suppose 0 = -9*o + 2*o. Suppose i + 0*i + 3*d - 41 = o, -2*i + 67 = 3*d. Calculate the remainder when q(10) is divided by i.
24
Suppose 4*h - 336 = 3*j - 357, 0 = 4*j + h - 28. What is the remainder when j is divided by 7?
0
Calculate the remainder when 10096 is divided by (-1)/(3/(-155)) + (-1230)/1845.
49
Let k(t) = 4*t**2. Let l be k(-4). Suppose -6*w + 510 = -40*w. Let m = l - w. What is the remainder when m is divided by 20?
19
Let n(l) = -2*l**3 + 26*l**2 + 13*l - 35. Let j be n(13). Suppose -5*w + 250 = -5*p, 2*w + 19 - j = 5*p. What is the remainder when 65 is divided by w?
20
Suppose 4*r + 265 - 949 = 0. Suppose 14*i - 10*i + 3*f = r, 2*i = -4*f + 88. Calculate the remainder when 131 is divided by i.
5
Let h(k) = 9*k**2 + 2*k + 2. Let g be h(-1). Suppose 2*w = 3*w + 4*i - g, -3*i - 12 = 0. Calculate the remainder when 141 is divided by w.
16
What is the remainder when 71 - (-1 + 1 - (-1 - -5)) is divided by 50?
25
Suppose 0 = 40*t - 7*t + 89760. Calculate the remainder when 421 is divided by (0 + 1)/((-4)/t*8).
81
Suppose -5760 = -12*x - 72*x - 108*x. What is the remainder when x is divided by 25?
5
Let x(f) = 2*f**2 + 6*f + 84. What is the remainder when x(11) is divided by 41?
23
Suppose 8*h - 8 = -2*y + 4*h, 3*y = -4*h + 10. Suppose -i - 2*a - a = -45, 2*i + y*a = 98. Calculate the remainder when i is divided by 6.
3
Let m = -493 + 496. What is the remainder when m*(-2910)/(-9)*4/10 is divided by 98?
94
Let x(k) = -279*k**3 - 3*k**2 - 2*k. Let q be x(-1). Let s = 295 - q. Calculate the remainder when 149 is divided by s.
13
Let q be (((-20)/(-3))/5)/(2/(-21)). Let o(x) = x**3 + 14*x**2 - 2*x - 2. Let p be o(q). Suppose 64 = 3*m - p. What is the remainder when m is divided by 11?
8
Let k = 2617 + 262. What is the remainder when k is divided by 30?
29
Let b = -286 - -291. Suppose 0*c + 2*c - 80 = -4*w, -w + b*c = -42. Calculate the remainder when 237 is divided by w.
17
Let q(a) = -2*a**3 + 16*a**2 + 2*a - 1. Let x = 749 - 665. Calculate the remainder when x is divided by q(8).
9
Calculate the remainder when 1100 is divided by 4125/(-550)*4/(-5).
2
Let w(q) = 5*q + 4. Suppose -3*y = -5*h + 151, -4*y - 2 = 4*h - 46. Calculate the remainder when w(5) is divided by h.
6
Suppose 5*u + 0*u = -4*d + 985, 4*d - 2*u = 950. Calculate the remainder when d is divided by 63.
51
Suppose a = -p - 5 + 3, 3*a + 11 = -4*p. Suppose -5*o = a*h - 8 - 12, 4*h - 8 = -2*o. What is the remainder when 27 is divided by o?
3
Suppose -92 = -3*n - 5*l, -3*n + 92 = n - l. Let m = 47971 - 47883. Calculate the remainder when m is divided by n.
16
Suppose -15*c + 19*c = -4*s + 528, 0 = 4*c - 5*s - 546. Calculate the remainder when c is divided by 101.
33
Suppose 3*l + 155 = b, 6*l - 270 = -2*b + 2*l. Let y(n) = 6*n**2 - 125*n - 245. What is the remainder when b is divided by y(-2)?
27
Suppose 0 = -3*j - 4*w + 33, j - 2*w = -1 + 2. Suppose